{"id":598,"date":"2016-06-08T23:19:57","date_gmt":"2016-06-08T23:19:57","guid":{"rendered":"http:\/\/kalajoenvarjoliitajat.net\/wordpress\/?page_id=598"},"modified":"2019-10-31T14:37:43","modified_gmt":"2019-10-31T14:37:43","slug":"5-5-2016-tero-tikkanen","status":"publish","type":"page","link":"https:\/\/kalajoenvarjoliitajat.net\/wordpress\/?page_id=598","title":{"rendered":"EFYL-Pyh\u00e4nt\u00e4 5.5.2016 Tero Tikkanen"},"content":{"rendered":"<p><strong>Aamu valkeni pilvett\u00f6m\u00e4ll\u00e4 taivaalla<\/strong>, linnut visersi ja auringon l\u00e4mm\u00f6n tunsi. P\u00e4\u00e4t\u00f6s l\u00e4hte\u00e4 Ylivieskaan varjoliit\u00e4m\u00e4\u00e4n oli helppo. P\u00e4\u00e4sin kivasti perille jossa t\u00e4ys r\u00e4hin\u00e4 eli hinaukset k\u00e4ynniss\u00e4 ja porukka ilmassa.<\/p>\n<p>Pilvi\u00e4 ei n\u00e4kynyt, en jaksanut alkaa tuhlaan energiaa ilmassa vain kent\u00e4n p\u00e4\u00e4ll\u00e4 py\u00f6rien. Pilvet alkoi posahdella id\u00e4ss\u00e4 ja antoi v\u00e4h\u00e4n toivoa v\u00e4h\u00e4n pidemm\u00e4lle lennolle, kuitenkaan ne ei saavuttanut kentt\u00e4\u00e4. Tarkastellessa totesin ne kuitenkin olevan ehk\u00e4 riitt\u00e4v\u00e4n l\u00e4hell\u00e4 jos pilvett\u00f6m\u00e4n taivaan n\u00e4kym\u00e4tt\u00f6m\u00e4t nostot mut sinne kantaisi. Sanoin kaverille ett\u00e4 50km pit\u00e4is t\u00e4n\u00e4\u00e4n p\u00e4\u00e4st\u00e4 niin se ois superia.<\/p>\n<p>Sanoin hetken p\u00e4\u00e4st\u00e4 ett\u00e4 nyt on minun hetkeni ja pian naru kiristyi. Heti aisti ett\u00e4 ilmassa el\u00e4m\u00e4\u00e4 oli. Niimp\u00e4 hinauksesta heti nosteeseen ja py\u00f6rim\u00e4\u00e4n, huusin kaverille joka oli samoissa koroissa ett\u00e4 nyt menn\u00e4\u00e4n, mutta kai se oli mumina tuulessa. Ajattelin vaan chillata ilmassa ja pienikin noste kelpaa mulle kiitos:) Niimp\u00e4 kohta kentt\u00e4 j\u00e4i pieneksi ja kauaksi.<\/p>\n<div id=\"attachment_601\" style=\"width: 670px\" class=\"wp-caption aligncenter\"><a href=\"https:\/\/kalajoenvarjoliitajat.net\/wordpress\/wp-content\/uploads\/2016\/06\/20160505_Tero.jpg\"><img loading=\"lazy\" decoding=\"async\" aria-describedby=\"caption-attachment-601\" class=\"wp-image-601 size-large\" src=\"https:\/\/kalajoenvarjoliitajat.net\/wordpress\/wp-content\/uploads\/2016\/06\/20160505_Tero-1024x576.jpg\" alt=\"20160505_Tero\" width=\"660\" height=\"371\" srcset=\"https:\/\/kalajoenvarjoliitajat.net\/wordpress\/wp-content\/uploads\/2016\/06\/20160505_Tero-1024x576.jpg 1024w, https:\/\/kalajoenvarjoliitajat.net\/wordpress\/wp-content\/uploads\/2016\/06\/20160505_Tero-300x169.jpg 300w, https:\/\/kalajoenvarjoliitajat.net\/wordpress\/wp-content\/uploads\/2016\/06\/20160505_Tero-768x432.jpg 768w, https:\/\/kalajoenvarjoliitajat.net\/wordpress\/wp-content\/uploads\/2016\/06\/20160505_Tero-619x348.jpg 619w, https:\/\/kalajoenvarjoliitajat.net\/wordpress\/wp-content\/uploads\/2016\/06\/20160505_Tero.jpg 2000w\" sizes=\"auto, (max-width: 660px) 100vw, 660px\" \/><\/a><p id=\"caption-attachment-601\" class=\"wp-caption-text\">Savisel\u00e4n kohdalla matkalla Pyh\u00e4nn\u00e4n suuntaan. Edess\u00e4 V\u00e4h\u00e4 Lamuj\u00e4rvi ja Iso Lamuj\u00e4rvi.<\/p><\/div>\n<p>&nbsp;<\/p>\n<p><strong>It\u00e4isi\u00e4 pilvi\u00e4 kohti tuuli vei.<\/strong> Ajattelin pysytell\u00e4 tiukasti metsien p\u00e4\u00e4ll\u00e4 ja se toimi. Kolmas\/nelj\u00e4s noste vei mut kiinni pilviin ah beibe. Nyt tied\u00e4n mist\u00e4 se nostava polttoaine l\u00f6ytyy vaikka niit\u00e4 harvassa olikin. Kiire nyt pois piti pit\u00e4\u00e4 mielest\u00e4:) Nautin t\u00e4ss\u00e4 ja nyt. Ennen Haapavett\u00e4 k\u00e4vin n.300m haukkaamassa kallion p\u00e4\u00e4lt\u00e4 nosteen joka vei +1500m korkeemmalle. Siell\u00e4 tuli kurkiparvi vastaan, ne r\u00e4\u00e4ky mulle ett\u00e4 meill\u00e4 on mukavaa, hyv\u00e4\u00e4 keli\u00e4 puskee, moikka ja h\u00e4ipyiv\u00e4t taivaan horisonttiin.<\/p>\n<p>Haapaveden j\u00e4lkeen keli parani, ja pilvijonoja piti valita. Valitsin tiet\u00e4 pitkin viev\u00e4 pilvijono. Ohan se makeeta taivaalla valita polku mit\u00e4 haluaa seurata lent\u00e4\u00e4:) kilometrej\u00e4 alkoi tulemaan ja my\u00f6t\u00e4tuuli painoi mua ihanasti pitkin polkua ja +50km rikki hurraa. V\u00e4lill\u00e4 oli vaikeeta, pitki\u00e4 siirtymi\u00e4 ja arpomista mik\u00e4 mut pelastaa, pelastaa imev\u00e4lt\u00e4 maalta, kuivuvat pilvet ymp\u00e4rill\u00e4ni.<\/p>\n<p>Heitin rukouksen ilmaan: pelasta mut haluan 100km:) Ja 90km kohdalla oli korkeutta 1500m ja liuku my\u00f6t\u00e4tuuleen keskelle korpea ei kiinnostanut vaan oli pakko luottaa intuitioon ja ett\u00e4 tuonne sivutuuleen ja p\u00e4\u00e4tien viereen mets\u00e4hakkuu aukkoon haluan ja se RIITT\u00c4\u00c4!!<br \/>\nJ\u00e4nnityst\u00e4 piisasi ja siin\u00e4 hetkess\u00e4, oma maalini vai puulasku. P\u00e4\u00e4sinkin suht hyvin, luotin siipeeni. Hymy valtasi kasvot ja lasku piti viel\u00e4 tehd\u00e4 hakkuuaukolle jossa korkeita hajapuita. Siin\u00e4 vanhana pylonin kiert\u00e4j\u00e4n\u00e4 se onnistui ja lasku vastatuuleen kivi\/kanto\/risukkoon laskuun tien viereen.<\/p>\n<div id=\"attachment_602\" style=\"width: 670px\" class=\"wp-caption aligncenter\"><a href=\"https:\/\/kalajoenvarjoliitajat.net\/wordpress\/wp-content\/uploads\/2016\/06\/20160505_Tero_1.jpg\"><img loading=\"lazy\" decoding=\"async\" aria-describedby=\"caption-attachment-602\" class=\"wp-image-602 size-large\" src=\"https:\/\/kalajoenvarjoliitajat.net\/wordpress\/wp-content\/uploads\/2016\/06\/20160505_Tero_1-1024x576.jpg\" alt=\"20160505_Tero_1\" width=\"660\" height=\"371\" srcset=\"https:\/\/kalajoenvarjoliitajat.net\/wordpress\/wp-content\/uploads\/2016\/06\/20160505_Tero_1-1024x576.jpg 1024w, https:\/\/kalajoenvarjoliitajat.net\/wordpress\/wp-content\/uploads\/2016\/06\/20160505_Tero_1-300x169.jpg 300w, https:\/\/kalajoenvarjoliitajat.net\/wordpress\/wp-content\/uploads\/2016\/06\/20160505_Tero_1-768x432.jpg 768w, https:\/\/kalajoenvarjoliitajat.net\/wordpress\/wp-content\/uploads\/2016\/06\/20160505_Tero_1-619x348.jpg 619w, https:\/\/kalajoenvarjoliitajat.net\/wordpress\/wp-content\/uploads\/2016\/06\/20160505_Tero_1.jpg 1920w\" sizes=\"auto, (max-width: 660px) 100vw, 660px\" \/><\/a><p id=\"caption-attachment-602\" class=\"wp-caption-text\">Lasku hakkuuaukealle ja mies ok.<\/p><\/div>\n<p>&nbsp;<\/p>\n<p><strong>Kamat kasaan ja peukalo yl\u00f6s.<\/strong> Reilu tunti sai olla peukku pyst\u00f6s ja meni ehk\u00e4 20 autoa. Kaameeta korpea. \u201cP\u00e4\u00e4tie\u201d Kajaani Kokkola helatorstaina. Ihana pariskunta otti kyytiin, kuski oli Irakilainen 25v ja morsian n.50v johonki sporttiautoon jonne just ja just mahtu lentoreppuni. Onnekseni ne oli menossa Nivalan ohi josta kaveri pelasti mut ja p\u00e4\u00e4sin takaisin kent\u00e4lt\u00e4 hakemaan autoni. Seikkailu sinen taivaalla on arvaamaton, se on parasta el\u00e4myst\u00e4 ja selviytymist\u00e4 itsens\u00e4 kanssa. Kiitos s\u00e4\u00e4nhaltija.<\/p>\n<p style=\"text-align: center;\"><a href=\"http:\/\/www.xcontest.org\/finland\/lennot\/tiedot:TTT\/5.05.2016\/10:54\" rel=\"nofollow\">http:\/\/www.xcontest.org\/finland\/lennot\/tiedot:TTT\/5.05.2016\/10:54<\/a><\/p>\n<p><strong>teksti ja kuvat: Tero Tikkanen<\/strong><\/p>\n","protected":false},"excerpt":{"rendered":"<p>Aamu valkeni pilvett\u00f6m\u00e4ll\u00e4 taivaalla, linnut visersi ja auringon l\u00e4mm\u00f6n tunsi. P\u00e4\u00e4t\u00f6s l\u00e4hte\u00e4 Ylivieskaan varjoliit\u00e4m\u00e4\u00e4n oli helppo. P\u00e4\u00e4sin kivasti perille jossa t\u00e4ys r\u00e4hin\u00e4 eli hinaukset k\u00e4ynniss\u00e4 ja porukka ilmassa. Pilvi\u00e4 ei n\u00e4kynyt, en jaksanut alkaa tuhlaan energiaa ilmassa vain kent\u00e4n p\u00e4\u00e4ll\u00e4 py\u00f6rien. Pilvet alkoi posahdella id\u00e4ss\u00e4 ja antoi v\u00e4h\u00e4n toivoa v\u00e4h\u00e4n pidemm\u00e4lle lennolle, kuitenkaan ne ei [&hellip;]<\/p>\n","protected":false},"author":1,"featured_media":0,"parent":575,"menu_order":3,"comment_status":"closed","ping_status":"closed","template":"page-full-width.php","meta":{"footnotes":""},"class_list":["post-598","page","type-page","status-publish","hentry"],"_links":{"self":[{"href":"https:\/\/kalajoenvarjoliitajat.net\/wordpress\/index.php?rest_route=\/wp\/v2\/pages\/598","targetHints":{"allow":["GET"]}}],"collection":[{"href":"https:\/\/kalajoenvarjoliitajat.net\/wordpress\/index.php?rest_route=\/wp\/v2\/pages"}],"about":[{"href":"https:\/\/kalajoenvarjoliitajat.net\/wordpress\/index.php?rest_route=\/wp\/v2\/types\/page"}],"author":[{"embeddable":true,"href":"https:\/\/kalajoenvarjoliitajat.net\/wordpress\/index.php?rest_route=\/wp\/v2\/users\/1"}],"replies":[{"embeddable":true,"href":"https:\/\/kalajoenvarjoliitajat.net\/wordpress\/index.php?rest_route=%2Fwp%2Fv2%2Fcomments&post=598"}],"version-history":[{"count":6,"href":"https:\/\/kalajoenvarjoliitajat.net\/wordpress\/index.php?rest_route=\/wp\/v2\/pages\/598\/revisions"}],"predecessor-version":[{"id":861,"href":"https:\/\/kalajoenvarjoliitajat.net\/wordpress\/index.php?rest_route=\/wp\/v2\/pages\/598\/revisions\/861"}],"up":[{"embeddable":true,"href":"https:\/\/kalajoenvarjoliitajat.net\/wordpress\/index.php?rest_route=\/wp\/v2\/pages\/575"}],"wp:attachment":[{"href":"https:\/\/kalajoenvarjoliitajat.net\/wordpress\/index.php?rest_route=%2Fwp%2Fv2%2Fmedia&parent=598"}],"curies":[{"name":"wp","href":"https:\/\/api.w.org\/{rel}","templated":true}]}}

EFYL-Pyhäntä 5.5.2016 Tero Tikkanen

<p><strong>Aamu valkeni pilvettömällä taivaalla</strong>, linnut visersi ja auringon lämmön tunsi. Päätös lähteä Ylivieskaan varjoliitämään oli helppo. Pääsin kivasti perille jossa täys rähinä eli hinaukset käynnissä ja porukka ilmassa.</p>
<p>Pilviä ei näkynyt, en jaksanut alkaa tuhlaan energiaa ilmassa vain kentän päällä pyörien. Pilvet alkoi posahdella idässä ja antoi vähän toivoa vähän pidemmälle lennolle, kuitenkaan ne ei saavuttanut kenttää. Tarkastellessa totesin ne kuitenkin olevan ehkä riittävän lähellä jos pilvettömän taivaan näkymättömät nostot mut sinne kantaisi. Sanoin kaverille että 50km pitäis tänään päästä niin se ois superia.</p>
<p>Sanoin hetken päästä että nyt on minun hetkeni ja pian naru kiristyi. Heti aisti että ilmassa elämää oli. Niimpä hinauksesta heti nosteeseen ja pyörimään, huusin kaverille joka oli samoissa koroissa että nyt mennään, mutta kai se oli mumina tuulessa. Ajattelin vaan chillata ilmassa ja pienikin noste kelpaa mulle kiitos:) Niimpä kohta kenttä jäi pieneksi ja kauaksi.</p>
<div id="attachment_601" style="width: 670px" class="wp-caption aligncenter"><a href="https://kalajoenvarjoliitajat.net/wordpress/wp-content/uploads/2016/06/20160505_Tero.jpg"><img loading="lazy" decoding="async" aria-describedby="caption-attachment-601" class="wp-image-601 size-large" src="https://kalajoenvarjoliitajat.net/wordpress/wp-content/uploads/2016/06/20160505_Tero-1024x576.jpg" alt="20160505_Tero" width="660" height="371" srcset="https://kalajoenvarjoliitajat.net/wordpress/wp-content/uploads/2016/06/20160505_Tero-1024x576.jpg 1024w, https://kalajoenvarjoliitajat.net/wordpress/wp-content/uploads/2016/06/20160505_Tero-300x169.jpg 300w, https://kalajoenvarjoliitajat.net/wordpress/wp-content/uploads/2016/06/20160505_Tero-768x432.jpg 768w, https://kalajoenvarjoliitajat.net/wordpress/wp-content/uploads/2016/06/20160505_Tero-619x348.jpg 619w, https://kalajoenvarjoliitajat.net/wordpress/wp-content/uploads/2016/06/20160505_Tero.jpg 2000w" sizes="auto, (max-width: 660px) 100vw, 660px" /></a><p id="caption-attachment-601" class="wp-caption-text">Saviselän kohdalla matkalla Pyhännän suuntaan. Edessä Vähä Lamujärvi ja Iso Lamujärvi.</p></div>
<p>&nbsp;</p>
<p><strong>Itäisiä pilviä kohti tuuli vei.</strong> Ajattelin pysytellä tiukasti metsien päällä ja se toimi. Kolmas/neljäs noste vei mut kiinni pilviin ah beibe. Nyt tiedän mistä se nostava polttoaine löytyy vaikka niitä harvassa olikin. Kiire nyt pois piti pitää mielestä:) Nautin tässä ja nyt. Ennen Haapavettä kävin n.300m haukkaamassa kallion päältä nosteen joka vei +1500m korkeemmalle. Siellä tuli kurkiparvi vastaan, ne rääky mulle että meillä on mukavaa, hyvää keliä puskee, moikka ja häipyivät taivaan horisonttiin.</p>
<p>Haapaveden jälkeen keli parani, ja pilvijonoja piti valita. Valitsin tietä pitkin vievä pilvijono. Ohan se makeeta taivaalla valita polku mitä haluaa seurata lentää:) kilometrejä alkoi tulemaan ja myötätuuli painoi mua ihanasti pitkin polkua ja +50km rikki hurraa. Välillä oli vaikeeta, pitkiä siirtymiä ja arpomista mikä mut pelastaa, pelastaa imevältä maalta, kuivuvat pilvet ympärilläni.</p>
<p>Heitin rukouksen ilmaan: pelasta mut haluan 100km:) Ja 90km kohdalla oli korkeutta 1500m ja liuku myötätuuleen keskelle korpea ei kiinnostanut vaan oli pakko luottaa intuitioon ja että tuonne sivutuuleen ja päätien viereen metsähakkuu aukkoon haluan ja se RIITTÄÄ!!<br />
Jännitystä piisasi ja siinä hetkessä, oma maalini vai puulasku. Pääsinkin suht hyvin, luotin siipeeni. Hymy valtasi kasvot ja lasku piti vielä tehdä hakkuuaukolle jossa korkeita hajapuita. Siinä vanhana pylonin kiertäjänä se onnistui ja lasku vastatuuleen kivi/kanto/risukkoon laskuun tien viereen.</p>
<div id="attachment_602" style="width: 670px" class="wp-caption aligncenter"><a href="https://kalajoenvarjoliitajat.net/wordpress/wp-content/uploads/2016/06/20160505_Tero_1.jpg"><img loading="lazy" decoding="async" aria-describedby="caption-attachment-602" class="wp-image-602 size-large" src="https://kalajoenvarjoliitajat.net/wordpress/wp-content/uploads/2016/06/20160505_Tero_1-1024x576.jpg" alt="20160505_Tero_1" width="660" height="371" srcset="https://kalajoenvarjoliitajat.net/wordpress/wp-content/uploads/2016/06/20160505_Tero_1-1024x576.jpg 1024w, https://kalajoenvarjoliitajat.net/wordpress/wp-content/uploads/2016/06/20160505_Tero_1-300x169.jpg 300w, https://kalajoenvarjoliitajat.net/wordpress/wp-content/uploads/2016/06/20160505_Tero_1-768x432.jpg 768w, https://kalajoenvarjoliitajat.net/wordpress/wp-content/uploads/2016/06/20160505_Tero_1-619x348.jpg 619w, https://kalajoenvarjoliitajat.net/wordpress/wp-content/uploads/2016/06/20160505_Tero_1.jpg 1920w" sizes="auto, (max-width: 660px) 100vw, 660px" /></a><p id="caption-attachment-602" class="wp-caption-text">Lasku hakkuuaukealle ja mies ok.</p></div>
<p>&nbsp;</p>
<p><strong>Kamat kasaan ja peukalo ylös.</strong> Reilu tunti sai olla peukku pystös ja meni ehkä 20 autoa. Kaameeta korpea. “Päätie” Kajaani Kokkola helatorstaina. Ihana pariskunta otti kyytiin, kuski oli Irakilainen 25v ja morsian n.50v johonki sporttiautoon jonne just ja just mahtu lentoreppuni. Onnekseni ne oli menossa Nivalan ohi josta kaveri pelasti mut ja pääsin takaisin kentältä hakemaan autoni. Seikkailu sinen taivaalla on arvaamaton, se on parasta elämystä ja selviytymistä itsensä kanssa. Kiitos säänhaltija.</p>
<p style="text-align: center;"><a href="http://www.xcontest.org/finland/lennot/tiedot:TTT/5.05.2016/10:54" rel="nofollow">http://www.xcontest.org/finland/lennot/tiedot:TTT/5.05.2016/10:54</a></p>
<p><strong>teksti ja kuvat: Tero Tikkanen</strong></p>

<p>Aamu valkeni pilvettömällä taivaalla, linnut visersi ja auringon lämmön tunsi. Päätös lähteä Ylivieskaan varjoliitämään oli helppo. Pääsin kivasti perille jossa täys rähinä eli hinaukset käynnissä ja porukka ilmassa. Pilviä ei näkynyt, en jaksanut alkaa tuhlaan energiaa ilmassa vain kentän päällä pyörien. Pilvet alkoi posahdella idässä ja antoi vähän toivoa vähän pidemmälle lennolle, kuitenkaan ne ei [&hellip;]</p>
