{"id":591,"date":"2016-06-08T23:12:36","date_gmt":"2016-06-08T23:12:36","guid":{"rendered":"http:\/\/kalajoenvarjoliitajat.net\/wordpress\/?page_id=591"},"modified":"2016-06-08T23:23:17","modified_gmt":"2016-06-08T23:23:17","slug":"1-6-2016-tero","status":"publish","type":"page","link":"https:\/\/kalajoenvarjoliitajat.net\/wordpress\/?page_id=591","title":{"rendered":"1.6.2016 Tero Tikkanen"},"content":{"rendered":"<p>Alkaa olemaan tatsia t\u00e4h\u00e4n varjoliito hommaan:) Eilen meni taas 100km.<\/p>\n<p>Ed p\u00e4iv\u00e4n\u00e4 ennusteet n\u00e4ytti oikein hyv\u00e4\u00e4 lentokeli\u00e4 taas Ylivieskaan, ja p\u00e4\u00e4t\u00f6s tehtiin jo henkisell\u00e4 puolella siirty\u00e4 sinne. Aamulla oli kuitenkin vy\u00f6rynyt rintama p\u00e4\u00e4lle jota ei ollut ennusteissa ja tuuli paljon kovempaa Raahessa, soitin Pekalle joka kehui ett\u00e4 hyv\u00e4\u00e4 keli\u00e4, ei vois paremmalta n\u00e4ytt\u00e4\u00e4. P\u00e4\u00e4tin l\u00e4hte\u00e4 kokeileen onnea. Ylivieskaan p\u00e4in ajellessani vihannin kohdalla n\u00e4ytti ett\u00e4 siell\u00e4 taivaanrannassa sinist\u00e4 taivaankantta n\u00e4kyy, ja tiesin ett\u00e4 rintama on tulossa samasta suunnasta peitt\u00e4m\u00e4\u00e4n Ylivieskan kent\u00e4n. Meinasin jo palata takaisin, jokin mun sis\u00e4ll\u00e4 sanoi ett\u00e4 ole optimisti, rintamanreunalla on hyv\u00e4 menn\u00e4.<\/p>\n<p>Kent\u00e4lle p\u00e4\u00e4sty\u00e4 rintaman reuna oli tulossa p\u00e4\u00e4lle, aurinko siis paistoi ohuen harson l\u00e4vitse. Pekan kans sovittiin ett\u00e4 lennet\u00e4\u00e4n kimpassa, ei siis tandemia vaan liidell\u00e4\u00e4n erikseen mutta l\u00e4hekk\u00e4in. T\u00e4ll\u00e4 tekniikalla tulee hyvi\u00e4 tuloksia. Ilmaan p\u00e4\u00e4sty\u00e4 oli yll\u00e4tt\u00e4v\u00e4n pomppuilevaa keli\u00e4 joka tarkoitaa nouseviavirtauksia. Naru irti ja nosteeseen, n\u00e4in Pekan py\u00f6riv\u00e4n n.2km p\u00e4\u00e4ss\u00e4, mutta heikommassa nosteessa. M\u00e4 sain aika \u00e4kki\u00e4 sen kiinni ja siit\u00e4 yhteisty\u00f6 alkoi. Melko racemodilla Pekka veti eteenp\u00e4in, m\u00e4 olisin viel\u00e4 j\u00e4\u00e4nyt ottamaan nosteita hetken kauemmin.<\/p>\n<p><a href=\"https:\/\/kalajoenvarjoliitajat.net\/wordpress\/wp-content\/uploads\/2016\/06\/20160601_Tero_3.jpg\"><img loading=\"lazy\" decoding=\"async\" class=\"aligncenter wp-image-595 size-large\" src=\"https:\/\/kalajoenvarjoliitajat.net\/wordpress\/wp-content\/uploads\/2016\/06\/20160601_Tero_3-1024x576.jpg\" alt=\"20160601_Tero_3\" width=\"660\" height=\"371\" srcset=\"https:\/\/kalajoenvarjoliitajat.net\/wordpress\/wp-content\/uploads\/2016\/06\/20160601_Tero_3-1024x576.jpg 1024w, https:\/\/kalajoenvarjoliitajat.net\/wordpress\/wp-content\/uploads\/2016\/06\/20160601_Tero_3-300x169.jpg 300w, https:\/\/kalajoenvarjoliitajat.net\/wordpress\/wp-content\/uploads\/2016\/06\/20160601_Tero_3-768x432.jpg 768w, https:\/\/kalajoenvarjoliitajat.net\/wordpress\/wp-content\/uploads\/2016\/06\/20160601_Tero_3-619x348.jpg 619w, https:\/\/kalajoenvarjoliitajat.net\/wordpress\/wp-content\/uploads\/2016\/06\/20160601_Tero_3.jpg 2000w\" sizes=\"auto, (max-width: 660px) 100vw, 660px\" \/><\/a><\/p>\n<p>Pakko se on per\u00e4ss\u00e4 menn\u00e4 kun oltii sovittu:)<br \/>\nYksin liitelemisess\u00e4 on se ongelma ettei v\u00e4ltt\u00e4m\u00e4tt\u00e4 l\u00f6yd\u00e4 nosteita, jos toinen suht vierell\u00e4 l\u00f6yt\u00e4\u00e4kin niin on ohjailtava sinne pikaisesti, ns harava taivaalla etsii nosteita. Hy\u00f6ty\u00e4 on usein molemmin puolin!<\/p>\n<p>Rintama oli kokoajan tulossa p\u00e4\u00e4lle, v\u00e4lill\u00e4 tuntui ett\u00e4 sit\u00e4 p\u00e4\u00e4si karkuun ja v\u00e4lill\u00e4 ett\u00e4 se saavuttaa ja on josen alla.<\/p>\n<p>Pekka r\u00e4ps\u00e4hti eli meni laskuun Haapaj\u00e4rvelle, meill\u00e4 oli v\u00e4limatkaa tullut kun olin heikossa nosteessa py\u00f6rinyt enk\u00e4 n\u00e4hnyt Pekkaa en\u00e4\u00e4 nousevan. Itse selvisin suht helposti, auringonpaisteen ja varjon rajapinnasta, mun piti v\u00e4h\u00e4n pakittaa mutta paras triggerpoint kannattaa silm\u00e4ill\u00e4:)<\/p>\n<p>Nyt matka jatkui itsekseen ja oilvet n\u00e4ytti t\u00e4lt\u00e4<\/p>\n<p><a href=\"https:\/\/kalajoenvarjoliitajat.net\/wordpress\/wp-content\/uploads\/2016\/06\/20160601_Tero_2.jpg\"><img loading=\"lazy\" decoding=\"async\" class=\"aligncenter wp-image-594 size-large\" src=\"https:\/\/kalajoenvarjoliitajat.net\/wordpress\/wp-content\/uploads\/2016\/06\/20160601_Tero_2-1024x576.jpg\" alt=\"20160601_Tero_2\" width=\"660\" height=\"371\" srcset=\"https:\/\/kalajoenvarjoliitajat.net\/wordpress\/wp-content\/uploads\/2016\/06\/20160601_Tero_2-1024x576.jpg 1024w, https:\/\/kalajoenvarjoliitajat.net\/wordpress\/wp-content\/uploads\/2016\/06\/20160601_Tero_2-300x169.jpg 300w, https:\/\/kalajoenvarjoliitajat.net\/wordpress\/wp-content\/uploads\/2016\/06\/20160601_Tero_2-768x432.jpg 768w, https:\/\/kalajoenvarjoliitajat.net\/wordpress\/wp-content\/uploads\/2016\/06\/20160601_Tero_2-619x348.jpg 619w, https:\/\/kalajoenvarjoliitajat.net\/wordpress\/wp-content\/uploads\/2016\/06\/20160601_Tero_2.jpg 2000w\" sizes=\"auto, (max-width: 660px) 100vw, 660px\" \/><\/a><\/p>\n<p>Eli todellakin kaikenlaista, on kumuluksia ja osa hieman lauttaantui ja sit pieni\u00e4 aaltopilvi\u00e4. Rintama on sel\u00e4n takana. No kuitenki tuulikin yltyi ja matkan teko helpottui. V\u00e4lill\u00e4 taas meni taivas l\u00e4hes tukkoon mutta selvisin aurinkoisella alueella ja nostepolvi\u00e4 ei ollut l\u00e4hell\u00e4k\u00e4\u00e4n, ajattelin odotella heikossa nosteessa ja niimp\u00e4 taivas taas aukeni ja pieni\u00e4 hattaroita alkoi kehittym\u00e4\u00e4n. Matka jatkuuuuuuu. Mutta yl\u00e4pilvi kummitteli ja nyt katosi kaikki j\u00e4rkev\u00e4n n\u00e4k\u00f6iset nostepilvet mutta melkein 100km oli mittarissa.<\/p>\n<p>P\u00e4\u00e4tin liukua 100km rikki ja onnistuin, tuulen viet\u00e4v\u00e4\u00e4n suuntaan ei olisi ollut en\u00e4\u00e4n laskupaikkoja\/asutusta seuraavaan 20km joten riski huonoon maastoon ja korpeen ei houkutellut yht\u00e4\u00e4n.<\/p>\n<p><a href=\"https:\/\/kalajoenvarjoliitajat.net\/wordpress\/wp-content\/uploads\/2016\/06\/20160601_Tero_1.jpg\"><img loading=\"lazy\" decoding=\"async\" class=\"aligncenter wp-image-593 size-large\" src=\"https:\/\/kalajoenvarjoliitajat.net\/wordpress\/wp-content\/uploads\/2016\/06\/20160601_Tero_1-1024x576.jpg\" alt=\"20160601_Tero_1\" width=\"660\" height=\"371\" srcset=\"https:\/\/kalajoenvarjoliitajat.net\/wordpress\/wp-content\/uploads\/2016\/06\/20160601_Tero_1-1024x576.jpg 1024w, https:\/\/kalajoenvarjoliitajat.net\/wordpress\/wp-content\/uploads\/2016\/06\/20160601_Tero_1-300x169.jpg 300w, https:\/\/kalajoenvarjoliitajat.net\/wordpress\/wp-content\/uploads\/2016\/06\/20160601_Tero_1-768x432.jpg 768w, https:\/\/kalajoenvarjoliitajat.net\/wordpress\/wp-content\/uploads\/2016\/06\/20160601_Tero_1-619x348.jpg 619w, https:\/\/kalajoenvarjoliitajat.net\/wordpress\/wp-content\/uploads\/2016\/06\/20160601_Tero_1.jpg 2000w\" sizes=\"auto, (max-width: 660px) 100vw, 660px\" \/><\/a><\/p>\n<p>T\u00e4ss\u00e4 teille liit\u00e4j\u00e4 yst\u00e4ville vinkki, kun oot menossa laskuun ota kuva talosta jonka l\u00e4helle laskeudut. N\u00e4in siis tein ja ukko k\u00e4veli mun tyk\u00f6 kun aloin laitteleen kamoja kasaan, kyseli mist\u00e4 oon tullut, ja onko kyyti\u00e4 takaisin. Eih\u00e4n mulla koskaan kyyti\u00e4 takaisin ole ja sanoin ukolle ett\u00e4 kuuleppa, saat n\u00e4m\u00e4 hienot ilmakuvat jos voit heitt\u00e4\u00e4 mut hyv\u00e4\u00e4n paikkaan liftaamaan. Niinh\u00e4n se teki ja tiputti, 3s auto otti mut kyyttiin ja uskomatontuuri ett\u00e4 n.100km p\u00e4\u00e4st\u00e4 oli menossa K\u00e4rkk\u00e4iselle ja tiputti mut kent\u00e4lle\/autolle.<\/p>\n<p><a href=\"https:\/\/kalajoenvarjoliitajat.net\/wordpress\/wp-content\/uploads\/2016\/06\/20160601_Tero.jpg\"><img loading=\"lazy\" decoding=\"async\" class=\"aligncenter wp-image-592 size-large\" src=\"https:\/\/kalajoenvarjoliitajat.net\/wordpress\/wp-content\/uploads\/2016\/06\/20160601_Tero-1024x576.jpg\" alt=\"20160601_Tero\" width=\"660\" height=\"371\" srcset=\"https:\/\/kalajoenvarjoliitajat.net\/wordpress\/wp-content\/uploads\/2016\/06\/20160601_Tero-1024x576.jpg 1024w, https:\/\/kalajoenvarjoliitajat.net\/wordpress\/wp-content\/uploads\/2016\/06\/20160601_Tero-300x169.jpg 300w, https:\/\/kalajoenvarjoliitajat.net\/wordpress\/wp-content\/uploads\/2016\/06\/20160601_Tero-768x432.jpg 768w, https:\/\/kalajoenvarjoliitajat.net\/wordpress\/wp-content\/uploads\/2016\/06\/20160601_Tero-619x348.jpg 619w, https:\/\/kalajoenvarjoliitajat.net\/wordpress\/wp-content\/uploads\/2016\/06\/20160601_Tero.jpg 1920w\" sizes=\"auto, (max-width: 660px) 100vw, 660px\" \/><\/a><\/p>\n<p>Ja t\u00e4st\u00e4 tarkempaa dataa.<\/p>\n<p style=\"text-align: center;\"><a href=\"http:\/\/www.xcontest.org\/finland\/lennot\/tiedot:TTT\/1.6.2016\/09:31\" rel=\"nofollow\">http:\/\/www.xcontest.org\/finland\/lennot\/tiedot:TTT\/1.6.2016\/09:31<\/a><\/p>\n<p>&nbsp;<\/p>\n","protected":false},"excerpt":{"rendered":"<p>Alkaa olemaan tatsia t\u00e4h\u00e4n varjoliito hommaan:) Eilen meni taas 100km. Ed p\u00e4iv\u00e4n\u00e4 ennusteet n\u00e4ytti oikein hyv\u00e4\u00e4 lentokeli\u00e4 taas Ylivieskaan, ja p\u00e4\u00e4t\u00f6s tehtiin jo henkisell\u00e4 puolella siirty\u00e4 sinne. Aamulla oli kuitenkin vy\u00f6rynyt rintama p\u00e4\u00e4lle jota ei ollut ennusteissa ja tuuli paljon kovempaa Raahessa, soitin Pekalle joka kehui ett\u00e4 hyv\u00e4\u00e4 keli\u00e4, ei vois paremmalta n\u00e4ytt\u00e4\u00e4. P\u00e4\u00e4tin l\u00e4hte\u00e4 [&hellip;]<\/p>\n","protected":false},"author":1,"featured_media":0,"parent":575,"menu_order":2,"comment_status":"closed","ping_status":"closed","template":"page-full-width.php","meta":{"footnotes":""},"class_list":["post-591","page","type-page","status-publish","hentry"],"_links":{"self":[{"href":"https:\/\/kalajoenvarjoliitajat.net\/wordpress\/index.php?rest_route=\/wp\/v2\/pages\/591","targetHints":{"allow":["GET"]}}],"collection":[{"href":"https:\/\/kalajoenvarjoliitajat.net\/wordpress\/index.php?rest_route=\/wp\/v2\/pages"}],"about":[{"href":"https:\/\/kalajoenvarjoliitajat.net\/wordpress\/index.php?rest_route=\/wp\/v2\/types\/page"}],"author":[{"embeddable":true,"href":"https:\/\/kalajoenvarjoliitajat.net\/wordpress\/index.php?rest_route=\/wp\/v2\/users\/1"}],"replies":[{"embeddable":true,"href":"https:\/\/kalajoenvarjoliitajat.net\/wordpress\/index.php?rest_route=%2Fwp%2Fv2%2Fcomments&post=591"}],"version-history":[{"count":3,"href":"https:\/\/kalajoenvarjoliitajat.net\/wordpress\/index.php?rest_route=\/wp\/v2\/pages\/591\/revisions"}],"predecessor-version":[{"id":607,"href":"https:\/\/kalajoenvarjoliitajat.net\/wordpress\/index.php?rest_route=\/wp\/v2\/pages\/591\/revisions\/607"}],"up":[{"embeddable":true,"href":"https:\/\/kalajoenvarjoliitajat.net\/wordpress\/index.php?rest_route=\/wp\/v2\/pages\/575"}],"wp:attachment":[{"href":"https:\/\/kalajoenvarjoliitajat.net\/wordpress\/index.php?rest_route=%2Fwp%2Fv2%2Fmedia&parent=591"}],"curies":[{"name":"wp","href":"https:\/\/api.w.org\/{rel}","templated":true}]}}