{"id":580,"date":"2016-06-08T22:45:32","date_gmt":"2016-06-08T22:45:32","guid":{"rendered":"http:\/\/kalajoenvarjoliitajat.net\/wordpress\/?page_id=580"},"modified":"2016-06-08T22:50:41","modified_gmt":"2016-06-08T22:50:41","slug":"severi-vesku-6-6-2016","status":"publish","type":"page","link":"https:\/\/kalajoenvarjoliitajat.net\/wordpress\/?page_id=580","title":{"rendered":"6.6.2016 Severi &#038; Vesku"},"content":{"rendered":"<p>Mahtava miniloma lentoreissu takana! Vesku soitteli lauantai-iltana ett\u00e4 maanantaina olis superia keli\u00e4 tarjolla pohjosessa. Vaihtoehtoina olivat EP, efyl tai pudasj\u00e4rvi. Siin\u00e4 seurattiin muuttuvia ennusteita viimeiseen asti ja su iltap\u00e4iv\u00e4ll\u00e4 tehtiin p\u00e4\u00e4t\u00f6s ett\u00e4 nyt on hyp\u00e4tt\u00e4v\u00e4 junaan jos meinaa keret\u00e4 paikan p\u00e4\u00e4lle ja porukkaa ei tuntunut tulevan kuin efyliin joten valinta oli helppo. Veskun viime vuoden\u00a0huippu +170 km lento efylist\u00e4 selv\u00e4sti edesautto p\u00e4\u00e4t\u00f6ksen tekemist\u00e4.\u00a0Min\u00e4 Turusta ja Vesku Helsingist\u00e4 saavuttiin puolelta \u00f6in VR:n kyydiss\u00e4 Ylivieskaan ja Vesku oli hoitanu tutun kautta majoituksen l\u00e4helt\u00e4 keskustaa. Illalla oli viel\u00e4 tulossa kovasti porukkaa ymp\u00e4ri Suomea mutta aamun uusin ennuste sek\u00e4 puoli suomea kattava pilvikatto sai muut perumaan tulon. Noh, ei siin\u00e4 mit\u00e4\u00e4n, kerta paikan p\u00e4\u00e4lle oli tultu niin oli turha perua suunnitelmia, Pekka tuli aamulla hakee meid\u00e4t kent\u00e4lle sovitusti ja odoteltiin taivaan aukeamista herkem\u00e4tt\u00e4 p\u00e4iv\u00e4n suunnitelmia laatien. Kiitos Pekalle hinauksista ja vinkeist\u00e4, xctr\u00e4kin kisatoiminta tuli tutuksi sek\u00e4 kimppalent\u00e4misen salat. Oltiin Veskun kanssa useamman kerran yritetty kimppalentoa mutta aina se oli kaatunut johonkin. T\u00e4ll\u00e4 kertaa Pekan opeilla homma toimi. Kun lopulta yhden j\u00e4lkeen aurinko alkoi paistaa niin termot her\u00e4s ja homma l\u00e4hti k\u00e4yntiin. Jutun juoni oli odotella toisia pilven pohjissa ja l\u00e4hte\u00e4 vasta sitten liukemaan rinta rinnan laajalta alueelta nosteita etsien. T\u00e4st\u00e4 kun oli p\u00e4\u00e4ssy jyv\u00e4lle niin lent\u00e4minen oli kyll\u00e4 helppoa, nosteet l\u00f6yty jostain pilvien alta, ja se kumpi t\u00f6rm\u00e4s niihin ekana huikkas vaan toiselle ja kohta oltiin uudelleen pilvien pohjissa. Koko 5 tuntia lennettiin yhdess\u00e4 ja uusi oma enn\u00e4tysh\u00e4n siit\u00e4 paukahti rikki toistamiseen t\u00e4lle kes\u00e4lle, 150 km !! Lopulta laskuun tultiin jonnekkin Vesannon l\u00e4helle, min\u00e4 eka ja Vesku per\u00e4ss\u00e4 vaikka olis voinu viel\u00e4 venytt\u00e4\u00e4 + 10 km. Siin\u00e4 juhlistettiin ja pakattiin kamat ja k\u00e4veltiin tien laitaan, niin eik\u00f6h\u00e4n eka auto pys\u00e4htyny ja tarjos kyydin aina Jyv\u00e4skyl\u00e4\u00e4n asti \ud83d\ude42 . Ehdittiin viimeseen junaan Helsinkiin, jossa nautittiin asiaan kuuluvat lento-oluset ravintolavaunussa, Vesku kerkeis t\u00f6ihin seuraavaksi p\u00e4iv\u00e4ksi, min\u00e4 viel\u00e4 pitkitin lentoreissua k\u00e4ym\u00e4ll\u00e4 K\u00e4rk\u00f6l\u00e4ss\u00e4 sek\u00e4 Suomenlinnassa pikku lennot ottamassa tiistaina ja vasta t\u00e4n\u00e4\u00e4n keskiviikkona illalla saavuin kotiin. Tuntui kuin olisi k\u00e4ynyt ulkomailla lent\u00e4m\u00e4ss\u00e4, niin erikoista oli. Suosittelen (lento)matkailua, se avartaa n\u00e4in kotimaassakin!<\/p>\n","protected":false},"excerpt":{"rendered":"<p>Mahtava miniloma lentoreissu takana! Vesku soitteli lauantai-iltana ett\u00e4 maanantaina olis superia keli\u00e4 tarjolla pohjosessa. Vaihtoehtoina olivat EP, efyl tai pudasj\u00e4rvi. Siin\u00e4 seurattiin muuttuvia ennusteita viimeiseen asti ja su iltap\u00e4iv\u00e4ll\u00e4 tehtiin p\u00e4\u00e4t\u00f6s ett\u00e4 nyt on hyp\u00e4tt\u00e4v\u00e4 junaan jos meinaa keret\u00e4 paikan p\u00e4\u00e4lle ja porukkaa ei tuntunut tulevan kuin efyliin joten valinta oli helppo. Veskun viime vuoden\u00a0huippu [&hellip;]<\/p>\n","protected":false},"author":1,"featured_media":0,"parent":575,"menu_order":0,"comment_status":"closed","ping_status":"closed","template":"page-full-width.php","meta":{"footnotes":""},"class_list":["post-580","page","type-page","status-publish","hentry"],"_links":{"self":[{"href":"https:\/\/kalajoenvarjoliitajat.net\/wordpress\/index.php?rest_route=\/wp\/v2\/pages\/580","targetHints":{"allow":["GET"]}}],"collection":[{"href":"https:\/\/kalajoenvarjoliitajat.net\/wordpress\/index.php?rest_route=\/wp\/v2\/pages"}],"about":[{"href":"https:\/\/kalajoenvarjoliitajat.net\/wordpress\/index.php?rest_route=\/wp\/v2\/types\/page"}],"author":[{"embeddable":true,"href":"https:\/\/kalajoenvarjoliitajat.net\/wordpress\/index.php?rest_route=\/wp\/v2\/users\/1"}],"replies":[{"embeddable":true,"href":"https:\/\/kalajoenvarjoliitajat.net\/wordpress\/index.php?rest_route=%2Fwp%2Fv2%2Fcomments&post=580"}],"version-history":[{"count":2,"href":"https:\/\/kalajoenvarjoliitajat.net\/wordpress\/index.php?rest_route=\/wp\/v2\/pages\/580\/revisions"}],"predecessor-version":[{"id":582,"href":"https:\/\/kalajoenvarjoliitajat.net\/wordpress\/index.php?rest_route=\/wp\/v2\/pages\/580\/revisions\/582"}],"up":[{"embeddable":true,"href":"https:\/\/kalajoenvarjoliitajat.net\/wordpress\/index.php?rest_route=\/wp\/v2\/pages\/575"}],"wp:attachment":[{"href":"https:\/\/kalajoenvarjoliitajat.net\/wordpress\/index.php?rest_route=%2Fwp%2Fv2%2Fmedia&parent=580"}],"curies":[{"name":"wp","href":"https:\/\/api.w.org\/{rel}","templated":true}]}}