{"id":27,"date":"2010-10-11T21:45:09","date_gmt":"2010-10-11T21:45:09","guid":{"rendered":"http:\/\/www.kalajoenvarjoliitajat.net\/?page_id=27"},"modified":"2023-11-27T21:25:05","modified_gmt":"2023-11-27T21:25:05","slug":"historiaa","status":"publish","type":"page","link":"https:\/\/kalajoenvarjoliitajat.net\/wordpress\/?page_id=27","title":{"rendered":"Historiaa"},"content":{"rendered":"<p>24.11.2023 Kalajoen ilmailukerhon syyskokous p\u00e4\u00e4tti varjoliitojaoksen lakkauttamisesta. Tomintaa jatkaa Kalajoen varjoliit\u00e4j\u00e4t ry. Yhdistys on perustettu 31.10.2023.<\/p>\n<p>Varjoliitotoimintaa Kalajoen ilmailukerho ry:ss\u00e4 py\u00f6ritti varjoliito jaos, joka tunnettiin nimell\u00e4 Kalajoen varjoliit\u00e4j\u00e4t.<\/p>\n<p>Varjoliito toiminta Kalajoen ilmailukerhossa k\u00e4ynnistyi vuonna 1995 aluksi kahdeksan innokkaan kerholaisen voimin. Kalajoen Ilmailukerho on perustettiin vuonna 1990 ja oma lentokentt\u00e4 valmistui Kalajoelle jo muutaman vuoden p\u00e4\u00e4st\u00e4.<\/p>\n<p>Varjoliidon peruskoulutusta on j\u00e4rjestetty katkeamatta joka vuosi, talvikauden aikana.<\/p>\n","protected":false},"excerpt":{"rendered":"<p>24.11.2023 Kalajoen ilmailukerhon syyskokous p\u00e4\u00e4tti varjoliitojaoksen lakkauttamisesta. Tomintaa jatkaa Kalajoen varjoliit\u00e4j\u00e4t ry. Yhdistys on perustettu 31.10.2023. Varjoliitotoimintaa Kalajoen ilmailukerho ry:ss\u00e4 py\u00f6ritti varjoliito jaos, joka tunnettiin nimell\u00e4 Kalajoen varjoliit\u00e4j\u00e4t. Varjoliito toiminta Kalajoen ilmailukerhossa k\u00e4ynnistyi vuonna 1995 aluksi kahdeksan innokkaan kerholaisen voimin. Kalajoen Ilmailukerho on perustettiin vuonna 1990 ja oma lentokentt\u00e4 valmistui Kalajoelle jo muutaman vuoden p\u00e4\u00e4st\u00e4. [&hellip;]<\/p>\n","protected":false},"author":1,"featured_media":0,"parent":0,"menu_order":4,"comment_status":"closed","ping_status":"closed","template":"","meta":{"footnotes":""},"class_list":["post-27","page","type-page","status-publish","hentry"],"_links":{"self":[{"href":"https:\/\/kalajoenvarjoliitajat.net\/wordpress\/index.php?rest_route=\/wp\/v2\/pages\/27","targetHints":{"allow":["GET"]}}],"collection":[{"href":"https:\/\/kalajoenvarjoliitajat.net\/wordpress\/index.php?rest_route=\/wp\/v2\/pages"}],"about":[{"href":"https:\/\/kalajoenvarjoliitajat.net\/wordpress\/index.php?rest_route=\/wp\/v2\/types\/page"}],"author":[{"embeddable":true,"href":"https:\/\/kalajoenvarjoliitajat.net\/wordpress\/index.php?rest_route=\/wp\/v2\/users\/1"}],"replies":[{"embeddable":true,"href":"https:\/\/kalajoenvarjoliitajat.net\/wordpress\/index.php?rest_route=%2Fwp%2Fv2%2Fcomments&post=27"}],"version-history":[{"count":19,"href":"https:\/\/kalajoenvarjoliitajat.net\/wordpress\/index.php?rest_route=\/wp\/v2\/pages\/27\/revisions"}],"predecessor-version":[{"id":1386,"href":"https:\/\/kalajoenvarjoliitajat.net\/wordpress\/index.php?rest_route=\/wp\/v2\/pages\/27\/revisions\/1386"}],"wp:attachment":[{"href":"https:\/\/kalajoenvarjoliitajat.net\/wordpress\/index.php?rest_route=%2Fwp%2Fv2%2Fmedia&parent=27"}],"curies":[{"name":"wp","href":"https:\/\/api.w.org\/{rel}","templated":true}]}}