{"id":2,"date":"2010-08-09T21:33:26","date_gmt":"2010-08-09T21:33:26","guid":{"rendered":"http:\/\/kalajoenvarjoliitajat.net\/?page_id=2"},"modified":"2025-11-19T18:48:43","modified_gmt":"2025-11-19T18:48:43","slug":"varjoliito","status":"publish","type":"page","link":"https:\/\/kalajoenvarjoliitajat.net\/wordpress\/?page_id=2","title":{"rendered":"Varjoliito"},"content":{"rendered":"<p><iframe loading=\"lazy\" title=\"Pasha 6 Tandem EFYL\" width=\"660\" height=\"371\" src=\"https:\/\/www.youtube.com\/embed\/31te4imkqMA?feature=oembed\" frameborder=\"0\" allow=\"accelerometer; autoplay; clipboard-write; encrypted-media; gyroscope; picture-in-picture; web-share\" referrerpolicy=\"strict-origin-when-cross-origin\" allowfullscreen><\/iframe><\/p>\n<p><strong>Taivaan siness\u00e4 arki unohtuu.<\/strong> Aloita varjoliito ja koe maailmaa aivan uudella tavalla. Lent\u00e4misen tunnetta on vaikea sanoin kuvata. Se on jokaisen itse koettava.<\/p>\n<p>Harrastuksen voit aloittaa n\u00e4ihin sivuihin tutustumalla tai tulemalla lentopaikoille katsomaan toimintaa. Kev\u00e4\u00e4n ja kes\u00e4n viikonloppuina toimimme yleens\u00e4 Ylivieskan, Pyh\u00e4salmen ja Kalajoen lentokentilt\u00e4. <a href=\"https:\/\/kalajoenvarjoliitajat.net\/wordpress\/?page_id=20\"><span style=\"text-decoration: underline;\">Lue lis\u00e4\u00e4&#8230;<\/span><\/a><\/p>\n<p>Varjoliito on halvin ilmailun harrastemuoto jossa itse p\u00e4\u00e4see ilmaan. Varjoliito ei katso ik\u00e4\u00e4 tai sukupuolta. Erillist\u00e4 l\u00e4\u00e4k\u00e4rintarkastusta ei my\u00f6sk\u00e4\u00e4n vaadita. Lent\u00e4minen voi kuitenkin olla sek\u00e4 fyysisesti ett\u00e4 psyykkisesti haastavaa.\u00a0 Mik\u00e4li mietit onko sinusta varjoliit\u00e4j\u00e4ksi, ota yhteytt\u00e4 lennonopettajiimme niin mietit\u00e4\u00e4n asiaa yhdess\u00e4.<br \/>\n<span style=\"text-decoration: underline;\"> <a href=\"https:\/\/kalajoenvarjoliitajat.net\/wordpress\/?page_id=5\">Lue lis\u00e4\u00e4&#8230;<\/a><\/span><\/p>\n<blockquote><p><strong>Mit\u00e4 varjoliitop\u00e4iv\u00e4 sitten voi sis\u00e4lt\u00e4\u00e4?<\/strong> Lue\u00a0 Tero Tikkasen iloinen ja inspiroiva raportti er\u00e4\u00e4st\u00e4 lentoseikkailusta. <span style=\"text-decoration: underline;\"><a href=\"https:\/\/kalajoenvarjoliitajat.net\/wordpress\/?page_id=598\" target=\"_blank\" rel=\"noopener noreferrer\">Lue lis\u00e4\u00e4&#8230;<\/a><\/span><\/p>\n<div id=\"attachment_602\" style=\"width: 670px\" class=\"wp-caption alignnone\"><a href=\"https:\/\/kalajoenvarjoliitajat.net\/wordpress\/?page_id=598\"><img loading=\"lazy\" decoding=\"async\" aria-describedby=\"caption-attachment-602\" class=\"wp-image-602 size-large\" src=\"https:\/\/kalajoenvarjoliitajat.net\/wordpress\/wp-content\/uploads\/2016\/06\/20160505_Tero_1-1024x576.jpg\" alt=\"\" width=\"660\" height=\"371\" srcset=\"https:\/\/kalajoenvarjoliitajat.net\/wordpress\/wp-content\/uploads\/2016\/06\/20160505_Tero_1-1024x576.jpg 1024w, https:\/\/kalajoenvarjoliitajat.net\/wordpress\/wp-content\/uploads\/2016\/06\/20160505_Tero_1-300x169.jpg 300w, https:\/\/kalajoenvarjoliitajat.net\/wordpress\/wp-content\/uploads\/2016\/06\/20160505_Tero_1-768x432.jpg 768w, https:\/\/kalajoenvarjoliitajat.net\/wordpress\/wp-content\/uploads\/2016\/06\/20160505_Tero_1-619x348.jpg 619w, https:\/\/kalajoenvarjoliitajat.net\/wordpress\/wp-content\/uploads\/2016\/06\/20160505_Tero_1.jpg 1920w\" sizes=\"auto, (max-width: 660px) 100vw, 660px\" \/><\/a><p id=\"caption-attachment-602\" class=\"wp-caption-text\">&#8220;Ohan se makeeta taivaalla valita polku mit\u00e4 haluaa seurata lent\u00e4\u00e4&#8221;<\/p><\/div><\/blockquote>\n<p><strong>My\u00f6s Suomen Ilmailuliitto ry:n<\/strong> sivuilta saat tietoa varjoliidosta.<br \/>\nKatso SIL:n varjoliito lajiesittely.\u00a0<span style=\"text-decoration: underline;\"><a href=\"https:\/\/www.ilmailuliitto.fi\/laji\/varjoliito\/varjoliidon-lajiesittely\/\" target=\"_blank\" rel=\"noopener noreferrer\">Lue lis\u00e4\u00e4&#8230;<\/a><\/span><\/p>\n<p>T\u00e4ss\u00e4 alla joitain kerholaistemme kuvaamia videoita.<\/p>\n<p><iframe loading=\"lazy\" title=\"360 test keyframes\" width=\"660\" height=\"371\" src=\"https:\/\/www.youtube.com\/embed\/P7uaM6hV-Qw?start=6&#038;feature=oembed\" frameborder=\"0\" allow=\"accelerometer; autoplay; clipboard-write; encrypted-media; gyroscope; picture-in-picture; web-share\" referrerpolicy=\"strict-origin-when-cross-origin\" allowfullscreen><\/iframe><\/p>\n<p><iframe loading=\"lazy\" title=\"PM Karlanda 20170526\" width=\"660\" height=\"371\" src=\"https:\/\/www.youtube.com\/embed\/zZijdvU9uGg?start=58&#038;feature=oembed\" frameborder=\"0\" allow=\"accelerometer; autoplay; clipboard-write; encrypted-media; gyroscope; picture-in-picture; web-share\" referrerpolicy=\"strict-origin-when-cross-origin\" allowfullscreen><\/iframe><\/p>\n<p><iframe loading=\"lazy\" title=\"\u00c4rj\u00e4nt\u00f6rm\u00e4\" width=\"660\" height=\"371\" src=\"https:\/\/www.youtube.com\/embed\/UBKacaWu-eg?feature=oembed\" frameborder=\"0\" allow=\"accelerometer; autoplay; clipboard-write; encrypted-media; gyroscope; picture-in-picture; web-share\" referrerpolicy=\"strict-origin-when-cross-origin\" allowfullscreen><\/iframe><\/p>\n<p><iframe loading=\"lazy\" title=\"Colombia!\" width=\"660\" height=\"371\" src=\"https:\/\/www.youtube.com\/embed\/S3vxGqjOMog?feature=oembed\" frameborder=\"0\" allow=\"accelerometer; autoplay; clipboard-write; encrypted-media; gyroscope; picture-in-picture; web-share\" referrerpolicy=\"strict-origin-when-cross-origin\" allowfullscreen><\/iframe><\/p>\n<p><iframe loading=\"lazy\" title=\"Come and join us\" width=\"660\" height=\"371\" src=\"https:\/\/www.youtube.com\/embed\/NtV-zD77Zbs?feature=oembed\" frameborder=\"0\" allow=\"accelerometer; autoplay; clipboard-write; encrypted-media; gyroscope; picture-in-picture; web-share\" referrerpolicy=\"strict-origin-when-cross-origin\" allowfullscreen><\/iframe><\/p>\n","protected":false},"excerpt":{"rendered":"<p>Taivaan siness\u00e4 arki unohtuu. Aloita varjoliito ja koe maailmaa aivan uudella tavalla. Lent\u00e4misen tunnetta on vaikea sanoin kuvata. Se on jokaisen itse koettava. Harrastuksen voit aloittaa n\u00e4ihin sivuihin tutustumalla tai tulemalla lentopaikoille katsomaan toimintaa. Kev\u00e4\u00e4n ja kes\u00e4n viikonloppuina toimimme yleens\u00e4 Ylivieskan, Pyh\u00e4salmen ja Kalajoen lentokentilt\u00e4. Lue lis\u00e4\u00e4&#8230; Varjoliito on halvin ilmailun harrastemuoto jossa itse p\u00e4\u00e4see [&hellip;]<\/p>\n","protected":false},"author":1,"featured_media":0,"parent":0,"menu_order":0,"comment_status":"closed","ping_status":"closed","template":"","meta":{"footnotes":""},"class_list":["post-2","page","type-page","status-publish","hentry"],"_links":{"self":[{"href":"https:\/\/kalajoenvarjoliitajat.net\/wordpress\/index.php?rest_route=\/wp\/v2\/pages\/2","targetHints":{"allow":["GET"]}}],"collection":[{"href":"https:\/\/kalajoenvarjoliitajat.net\/wordpress\/index.php?rest_route=\/wp\/v2\/pages"}],"about":[{"href":"https:\/\/kalajoenvarjoliitajat.net\/wordpress\/index.php?rest_route=\/wp\/v2\/types\/page"}],"author":[{"embeddable":true,"href":"https:\/\/kalajoenvarjoliitajat.net\/wordpress\/index.php?rest_route=\/wp\/v2\/users\/1"}],"replies":[{"embeddable":true,"href":"https:\/\/kalajoenvarjoliitajat.net\/wordpress\/index.php?rest_route=%2Fwp%2Fv2%2Fcomments&post=2"}],"version-history":[{"count":33,"href":"https:\/\/kalajoenvarjoliitajat.net\/wordpress\/index.php?rest_route=\/wp\/v2\/pages\/2\/revisions"}],"predecessor-version":[{"id":1518,"href":"https:\/\/kalajoenvarjoliitajat.net\/wordpress\/index.php?rest_route=\/wp\/v2\/pages\/2\/revisions\/1518"}],"wp:attachment":[{"href":"https:\/\/kalajoenvarjoliitajat.net\/wordpress\/index.php?rest_route=%2Fwp%2Fv2%2Fmedia&parent=2"}],"curies":[{"name":"wp","href":"https:\/\/api.w.org\/{rel}","templated":true}]}}

<p><iframe loading="lazy" title="Pasha 6 Tandem EFYL" width="660" height="371" src="https://www.youtube.com/embed/31te4imkqMA?feature=oembed" frameborder="0" allow="accelerometer; autoplay; clipboard-write; encrypted-media; gyroscope; picture-in-picture; web-share" referrerpolicy="strict-origin-when-cross-origin" allowfullscreen></iframe></p>
<p><strong>Taivaan sinessä arki unohtuu.</strong> Aloita varjoliito ja koe maailmaa aivan uudella tavalla. Lentämisen tunnetta on vaikea sanoin kuvata. Se on jokaisen itse koettava.</p>
<p>Harrastuksen voit aloittaa näihin sivuihin tutustumalla tai tulemalla lentopaikoille katsomaan toimintaa. Kevään ja kesän viikonloppuina toimimme yleensä Ylivieskan, Pyhäsalmen ja Kalajoen lentokentiltä. <a href="https://kalajoenvarjoliitajat.net/wordpress/?page_id=20"><span style="text-decoration: underline;">Lue lisää&#8230;</span></a></p>
<p>Varjoliito on halvin ilmailun harrastemuoto jossa itse pääsee ilmaan. Varjoliito ei katso ikää tai sukupuolta. Erillistä lääkärintarkastusta ei myöskään vaadita. Lentäminen voi kuitenkin olla sekä fyysisesti että psyykkisesti haastavaa.  Mikäli mietit onko sinusta varjoliitäjäksi, ota yhteyttä lennonopettajiimme niin mietitään asiaa yhdessä.<br />
<span style="text-decoration: underline;"> <a href="https://kalajoenvarjoliitajat.net/wordpress/?page_id=5">Lue lisää&#8230;</a></span></p>
<blockquote><p><strong>Mitä varjoliitopäivä sitten voi sisältää?</strong> Lue  Tero Tikkasen iloinen ja inspiroiva raportti eräästä lentoseikkailusta. <span style="text-decoration: underline;"><a href="https://kalajoenvarjoliitajat.net/wordpress/?page_id=598" target="_blank" rel="noopener noreferrer">Lue lisää&#8230;</a></span></p>
<div id="attachment_602" style="width: 670px" class="wp-caption alignnone"><a href="https://kalajoenvarjoliitajat.net/wordpress/?page_id=598"><img loading="lazy" decoding="async" aria-describedby="caption-attachment-602" class="wp-image-602 size-large" src="https://kalajoenvarjoliitajat.net/wordpress/wp-content/uploads/2016/06/20160505_Tero_1-1024x576.jpg" alt="" width="660" height="371" srcset="https://kalajoenvarjoliitajat.net/wordpress/wp-content/uploads/2016/06/20160505_Tero_1-1024x576.jpg 1024w, https://kalajoenvarjoliitajat.net/wordpress/wp-content/uploads/2016/06/20160505_Tero_1-300x169.jpg 300w, https://kalajoenvarjoliitajat.net/wordpress/wp-content/uploads/2016/06/20160505_Tero_1-768x432.jpg 768w, https://kalajoenvarjoliitajat.net/wordpress/wp-content/uploads/2016/06/20160505_Tero_1-619x348.jpg 619w, https://kalajoenvarjoliitajat.net/wordpress/wp-content/uploads/2016/06/20160505_Tero_1.jpg 1920w" sizes="auto, (max-width: 660px) 100vw, 660px" /></a><p id="caption-attachment-602" class="wp-caption-text">&#8220;Ohan se makeeta taivaalla valita polku mitä haluaa seurata lentää&#8221;</p></div></blockquote>
<p><strong>Myös Suomen Ilmailuliitto ry:n</strong> sivuilta saat tietoa varjoliidosta.<br />
Katso SIL:n varjoliito lajiesittely. <span style="text-decoration: underline;"><a href="https://www.ilmailuliitto.fi/laji/varjoliito/varjoliidon-lajiesittely/" target="_blank" rel="noopener noreferrer">Lue lisää&#8230;</a></span></p>
<p>Tässä alla joitain kerholaistemme kuvaamia videoita.</p>
<p><iframe loading="lazy" title="360 test keyframes" width="660" height="371" src="https://www.youtube.com/embed/P7uaM6hV-Qw?start=6&#038;feature=oembed" frameborder="0" allow="accelerometer; autoplay; clipboard-write; encrypted-media; gyroscope; picture-in-picture; web-share" referrerpolicy="strict-origin-when-cross-origin" allowfullscreen></iframe></p>
<p><iframe loading="lazy" title="PM Karlanda 20170526" width="660" height="371" src="https://www.youtube.com/embed/zZijdvU9uGg?start=58&#038;feature=oembed" frameborder="0" allow="accelerometer; autoplay; clipboard-write; encrypted-media; gyroscope; picture-in-picture; web-share" referrerpolicy="strict-origin-when-cross-origin" allowfullscreen></iframe></p>
<p><iframe loading="lazy" title="Ärjäntörmä" width="660" height="371" src="https://www.youtube.com/embed/UBKacaWu-eg?feature=oembed" frameborder="0" allow="accelerometer; autoplay; clipboard-write; encrypted-media; gyroscope; picture-in-picture; web-share" referrerpolicy="strict-origin-when-cross-origin" allowfullscreen></iframe></p>
<p><iframe loading="lazy" title="Colombia!" width="660" height="371" src="https://www.youtube.com/embed/S3vxGqjOMog?feature=oembed" frameborder="0" allow="accelerometer; autoplay; clipboard-write; encrypted-media; gyroscope; picture-in-picture; web-share" referrerpolicy="strict-origin-when-cross-origin" allowfullscreen></iframe></p>
<p><iframe loading="lazy" title="Come and join us" width="660" height="371" src="https://www.youtube.com/embed/NtV-zD77Zbs?feature=oembed" frameborder="0" allow="accelerometer; autoplay; clipboard-write; encrypted-media; gyroscope; picture-in-picture; web-share" referrerpolicy="strict-origin-when-cross-origin" allowfullscreen></iframe></p>

<p>Taivaan sinessä arki unohtuu. Aloita varjoliito ja koe maailmaa aivan uudella tavalla. Lentämisen tunnetta on vaikea sanoin kuvata. Se on jokaisen itse koettava. Harrastuksen voit aloittaa näihin sivuihin tutustumalla tai tulemalla lentopaikoille katsomaan toimintaa. Kevään ja kesän viikonloppuina toimimme yleensä Ylivieskan, Pyhäsalmen ja Kalajoen lentokentiltä. Lue lisää&#8230; Varjoliito on halvin ilmailun harrastemuoto jossa itse pääsee [&hellip;]</p>
